, 9803
List the prime factors of 634924.
2, 158731
List the prime factors of 2371662.
2, 3, 131759
List the prime factors of 473844.
2, 3, 7, 5641
List the prime factors of 5949339.
3, 11, 139, 1297
List the prime factors of 1514680.
2, 5, 19, 1993
List the prime factors of 633697.
149, 4253
List the prime factors of 156188.
2, 39047
What are the prime factors of 3276268?
2, 89, 9203
List the prime factors of 412190.
2, 5, 47, 877
What are the prime factors of 4334846?
2, 37, 58579
List the prime factors of 2096819.
859, 2441
List the prime factors of 22480.
2, 5, 281
List the prime factors of 4003.
4003
List the prime factors of 1784527.
1784527
List the prime factors of 399910.
2, 5, 7, 29, 197
List the prime factors of 3394866.
2, 3, 17, 83, 401
List the prime factors of 920153.
13, 37, 1913
List the prime factors of 2737256.
2, 463, 739
List the prime factors of 15220575.
3, 5, 22549
List the prime factors of 88837.
7, 37
What are the prime factors of 114056?
2, 53, 269
What are the prime factors of 242412?
2, 3, 20201
List the prime factors of 90637.
233, 389
List the prime factors of 2727418.
2, 37, 36857
List the prime factors of 542340.
2, 3, 5, 23, 131
What are the prime factors of 797212?
2, 13, 15331
What are the prime factors of 31918?
2, 15959
What are the prime factors of 1411409?
71, 103, 193
What are the prime factors of 107546?
2, 53773
What are the prime factors of 12362533?
12362533
What are the prime factors of 5357778?
2, 3, 677, 1319
List the prime factors of 125239.
17, 53, 139
What are the prime factors of 537015?
3, 5, 35801
List the prime factors of 9985287.
3, 13, 256033
What are the prime factors of 206645?
5, 37, 1117
List the prime factors of 1791167.
7, 41, 79
List the prime factors of 2683552.
2, 17, 4933
What are the prime factors of 1208395?
5, 241679
List the prime factors of 123028.
2, 30757
What are the prime factors of 27120891?
3, 7, 1291471
What are the prime factors of 663844?
2, 165961
What are the prime factors of 117379?
107, 1097
List the prime factors of 367510.
2, 5, 11, 13, 257
List the prime factors of 2862722.
2, 1431361
List the prime factors of 119584.
2, 37, 101
List the prime factors of 40081855.
5, 11, 97, 683
List the prime factors of 19017062.
2, 19, 193, 2593
What are the prime factors of 147745?
5, 13, 2273
What are the prime factors of 17803914?
2, 3, 79, 37561
What are the prime factors of 6114943?
107, 57149
List the prime factors of 2589946.
2, 1294973
What are the prime factors of 90921?
3, 30307
List the prime factors of 395711.
79, 5009
What are the prime factors of 11926566?
2, 3, 19, 43, 811
What are the prime factors of 12702445?
5, 7, 362927
List the prime factors of 24315.
3, 5, 1621
List the prime factors of 737157.
3, 245719
List the prime factors of 40655.
5, 47, 173
List the prime factors of 164894.
2, 29, 2843
What are the prime factors of 29149634?
2, 251, 58067
List the prime factors of 34784.
2, 1087
List the prime factors of 10374183.
3, 223, 1723
What are the prime factors of 482751?
3, 53639
List the prime factors of 395682.
2, 3, 7, 9421
What are the prime factors of 2582046?
2, 3, 67, 2141
List the prime factors of 3900985.
5, 11, 19, 3733
List the prime factors of 561658.
2, 31, 9059
What are the prime factors of 86980?
2, 5, 4349
List the prime factors of 8627942.
2, 17, 253763
What are the prime factors of 45293?
45293
What are the prime factors of 626821?
13, 3709
What are the prime factors of 571841?
571841
What are the prime factors of 435703?
167, 2609
List the prime factors of 2302392.
2, 3, 23, 43, 97
List the prime factors of 285423.
3, 89, 1069
What are the prime factors of 22057985?
5, 79, 55843
What are the prime factors of 1632256?
2, 797
List the prime factors of 603301.
149, 4049
What are the prime factors of 155801?
155801
What are the prime factors of 37414006?
2, 7, 67, 39887
What are the prime factors of 670059?
3, 13, 23, 83
What are the prime factors of 401541?
3, 7, 19121
List the prime factors of 295404.
2, 3, 103, 239
List the prime factors of 27961.
27961
List the prime factors of 301143.
3, 37, 2713
List the prime factors of 502103.
7, 10247
What are the prime factors of 622433?
7, 88919
List the prime factors of 562882.
2, 229, 1229
List the prime factors of 466953.
3, 31, 5021
What are the prime factors of 620758?
2, 310379
List the prime factors of 5097191.
11, 23, 20147
List the prime factors of 1189986.
2, 3, 7, 29, 977
What are the prime factors of 1645797?
3, 37, 14827
List the prime factors of 5149552.
2, 321847
What are the prime factors of 173475?
3, 5, 257
What are the prime factors of 1820798?
2, 7, 130057
List the prime factors of 510678.
2, 3, 7, 193
List the prime factors of 140436.
2, 3, 47, 83
What are the prime factors of 16356206?
2, 509, 16067
List the prime factors of 140032.
2, 547
List the prime factors of 424457.
11, 47, 821
List the prime factors of 35119471.
1049, 33479
What are the prime factors of 9267213?
3, 479, 6449
What are the prime factors of 269414?
2, 134707
List the prime factors of 5192372.
2, 47, 71, 389
What are the prime factors of 868538?
2, 11, 37, 97
List the prime factors of 341299.
7, 48757
List the prime factors of 1233442.
2, 7, 19, 4637
What are the prime factors of 1851410?
2, 5, 11, 16831
List the prime factors of 5530189.
7, 23, 701
List the prime factors of 31059854.
2, 7, 2218561
List the prime factors of 39639530.
2, 5, 7, 80897
What are the prime factors of 1632423?
3, 13, 19, 2203
What are the prime factors of 351206?
2, 41, 4283
What are the prime factors of 1042192?
2, 53, 1229
List the prime factors of 6720023.
41, 251, 653
What are the prime factors of 9293402?
2, 79, 131, 449
What are the prime factors of 272146?
2, 7, 2777
List the prime factors of 2041024.
2, 31891
List the prime factors of 183465.
3, 5, 151
What are the prime factors of 2298625?
5, 7, 37, 71
What are the prime factors of 1914402?
2, 3, 7, 19, 2399
What are the prime factors of 1141563?
3, 41, 9281
What are the prime factors of 333745?
5, 66749
What are the prime factors of 6369737?
11, 359, 1613
List the prime factors of 579080.
2, 5, 31, 467
What are the prime factors of 3045530?
2, 5, 304553
What are the prime factors of 5259372?
2, 3, 438281
List the prime factors of 5845445.
5, 19, 37, 1663
What are the prime factors of 54442?
2, 163, 167
What are the prime factors of 12990681?
3, 11, 79, 151
List the prime factors of 2156819.
7, 308117
What are the prime factors of 1319360?
2, 5, 7, 19, 31
What are the prime factors of 1702271?
29, 58699
What are the prime factors of 200883?
3, 29, 2309
List the prime factors of 782092.
2, 23, 8501
What are the prime factors of 2619059?
2619059
List the prime factors of 3878596.
2, 31, 1009
List the prime factors of 3205778.
2, 431, 3719
List the prime factors of 287122.
2, 11, 31, 421
What are the prime factors of 10220959?
7, 208591
List the prime factors of 181721.
181721
List the prime factors of 222048.
2, 3, 257
List the prime factors of 735199.
17, 59, 733
List the prime factors of 18907.
7, 37, 73
What are the prime factors of 2751351?
3, 917117
What are the prime factors of 34729?
34729
What are the prime factors of 2990547?
3, 7, 15823
What are the prime factors of 6654647?
6654647
List the prime factors of 1608971.
7, 13, 17681
What are the prime factors of 4090022?
2, 2045011
What are the prime factors of 3913886?
2, 19, 127, 811
List the prime factors of 2469723.
3, 823241
What are the prime factors of 38052?
2, 3, 7, 151
What are the prime factors of 1193864?
2, 7, 21319
What are the prime factors of 327971?
7, 46853
What are the prime factors of 231226?
2, 115613
What are the prime factors of 1176536?
2, 17, 41, 211
List the prime factors of 1212219.
3, 17, 19, 139
What are the prime factors of 2698129?
7, 47, 59, 139
List the prime factors of 7639770.
2, 3, 5, 254659
List the prime factors of 25955766.
2, 3, 79, 18253
List the prime factors of 2589372.
2, 3, 17, 4231
List the prime factors of 13154507.
2591, 5077
List the prime factors of 1604228.
2, 401057
List the prime factors of 8129007.
3, 903223
List the prime factors of 205137.
3, 23, 991
What are the prime factors of 12571?
13, 967
What are the prime factors of 2696648?
2, 337081
List th